101100010000100111100?
101100010000101000000
In base 12, what is -14 + a8b492a?
a8b4916
In base 7, what is -2322061243 + -2?
-2322061245
In base 14, what is -3766 + -1d6d?
-56d5
In base 8, what is 16521010 - 50?
16520740
In base 7, what is -4 - -10636154?
10636150
In base 3, what is -10211011 - -21021010?
10102222
In base 7, what is -4 + 442503652?
442503645
In base 14, what is 3 - 34c583?
-34c580
In base 14, what is -3c742d5 + d?
-3c742c6
In base 14, what is 1309c37 - -2?
1309c39
In base 8, what is -32154 + -3243?
-35417
In base 7, what is 15304463635 - -1?
15304463636
In base 6, what is -30 - -4243535?
4243505
In base 4, what is 33012032131 - 10?
33012032121
In base 8, what is -1160743 - -42?
-1160701
In base 2, what is -1111100 - -1110011101110101?
1110011011111001
In base 3, what is -12122220 + -1112102?
-21012022
In base 15, what is 51441 + 320?
51761
In base 11, what is -607 - 144929?
-145435
In base 14, what is b4 - -18a97?
18b6b
In base 11, what is 5 - -11a5094?
11a5099
In base 11, what is 1283796 - 5?
1283791
In base 10, what is 8752984 + 3?
8752987
In base 5, what is 1042122300 + -4?
1042122241
In base 10, what is -6 - -904360?
904354
In base 11, what is 1603 - -4135?
5738
In base 4, what is 331122 + 1133221?
2131003
In base 6, what is 243253401 + 1?
243253402
In base 10, what is -1 + 318962407?
318962406
In base 13, what is -36 + 85113c?
851106
In base 9, what is -5 + 22833784?
22833778
In base 4, what is -13311131001 - 123?
-13311131130
In base 9, what is -523 + -10237?
-10761
In base 13, what is 836 + 6cb62?
70698
In base 13, what is 4 - -57b1b5?
57b1b9
In base 14, what is -2911cb + -31?
-29121c
In base 12, what is 35681 - -18?
35699
In base 12, what is 49b8068 + -30?
49b8038
In base 15, what is 1c - -4d6b66?
4d6b83
In base 10, what is 81110 + 163?
81273
In base 5, what is -1313240033 - -3?
-1313240030
In base 13, what is -10872c - c5?
-108824
In base 3, what is -1021101 + -110022122201?
-110100221002
In base 16, what is 1f + -1e29ce?
-1e29af
In base 8, what is 2102 + 10674?
12776
In base 4, what is -3 - 12212211203221?
-12212211203230
In base 12, what is 71752 - 4?
7174a
In base 8, what is -4737720367 - -2?
-4737720365
In base 8, what is 35551114 - -204?
35551320
In base 10, what is 6041 - -8125?
14166
In base 4, what is 11333232 + 33303?
12033201
In base 11, what is 6a1161 + -213?
6a0a49
In base 15, what is -3 + -87a21c?
-87a220
In base 8, what is 3 - 233344351?
-233344346
In base 15, what is -13c97ed7 - 5?
-13c97edc
In base 13, what is -3c203 + -3b7?
-3c5ba
In base 6, what is 1030432 - -44345?
1115221
In base 13, what is -952 + -3941?
-4593
In base 14, what is 2a4b52 - 8?
2a4b48
In base 2, what is 1011110101110000000000 + 100?
1011110101110000000100
In base 14, what is 5c145 - 29?
5c11a
In base 12, what is -1984 - 559b?
-7363
In base 2, what is -110110 - -101101111111101011001?
101101111111100100011
In base 3, what is -10221212112021 + -12?
-10221212112110
In base 11, what is 8 + 4169469?
4169476
In base 2, what is 11010000010001 + -1110000100?
11000010001101
In base 11, what is 26 - 5079797?
-5079771
In base 6, what is 12 + 1303501055?
1303501111
In base 2, what is -100 + 1100101110110100101111111?
1100101110110100101111011
In base 4, what is -3231011221 - -332?
-3231010223
In base 6, what is 22002 - -124245?
150251
In base 5, what is -1424230 + -34?
-1424314
In base 6, what is -404242253 - 23?
-404242320
In base 10, what is 1206989702 - 3?
1206989699
In base 10, what is -55 + -15043?
-15098
In base 7, what is -13060450 + -42?
-13060522
In base 11, what is -12 - -332095?
332083
In base 4, what is -103 - 1020001112?
-1020001221
In base 13, what is 8ca44 - -48?
8ca8c
In base 5, what is 234 + 30344431?
30400220
In base 13, what is 17 + 190a57?
190a71
In base 14, what is 3 + 8b6804?
8b6807
In base 15, what is 6 + 4e97?
4e9d
In base 8, what is 2230355160 + 5?
2230355165
In base 15, what is -19bc0c - 5?
-19bc12
In base 6, what is -4552232 + -1041?
-4553313
In base 5, what is -3 - -23431234240?
23431234232
In base 2, what is -10011111011010011001000 + -1?
-10011111011010011001001
In base 3, what is -220112 - -201002222122?
201002002010
In base 6, what is 1001533 + -5504?
552025
In base 13, what is 60b4 + -640?
5774
In base 16, what is -36f0c05f - -4?
-36f0c05b
In base 3, what is 1120022200002 - -202?
1120022200211
In base 16, what is 1e149 - 48?
1e101
In base 16, what is 31f + 3b3?
6d2
In base 14, what is -646985 + -3?
-646988
In base 7, what is -112364312 + -4?
-112364316
In base 9, what is 2038 - 15445?
-13406
In base 15, what is -6a8c26c5 - 5?
-6a8c26ca
In base 4, what is 300103 + -1121211?
-221102
In base 14, what is 15 + 4384?
4399
In base 14, what is 2 + 3ac7bb?
3ac7bd
In base 2, what is 10101000001101001010 + -1?
10101000001101001001
In base 16, what is 3 - 122153?
-122150
In base 12, what is -1 + 29a22004?
29a22003
In base 7, what is 6 - 51002201?
-51002162
In base 5, what is 2123134444 + -10?
2123134434
In base 11, what is 254 - -25513?
25767
In base 8, what is -2344 + -577?
-3143
In base 8, what is -54 + 426115?
426041
In base 12, what is a + 227a370?
227a37a
In base 12, what is -14a4a93 + -2?
-14a4a95
In base 9, what is 74356284 - 4?
74356280
In base 8, what is 11434324 - -4?
11434330
In base 13, what is -16987c + 44?
-169838
In base 9, what is 3861513 + -17?
3861485
In base 6, what is -504020501 - 1?
-504020502
In base 14, what is -5ab3048 - 1?
-5ab3049
In base 14, what is -3 - -46c804a?
46c8047
In base 5, what is 4 - 1140434331?
-1140434322
In base 12, what is -1044 + -43267?
-442ab
In base 14, what is 1d + -5134ad?
-513490
In base 9, what is -661 + 1681814?
1681143
In base 11, what is 0 + 1328351?
1328351
In base 10, what is 0 - 188760?
-188760
In base 16, what is -3d740 + -f2?
-3d832
In base 14, what is 383d44c - -1c?
383d46a
In base 14, what is -321d + -780?
-399d
In base 16, what is 6f3 + -217a4?
-210b1
In base 9, what is -7 - -477402?
477384
In base 10, what is -598887 - 9?
-598896
In base 7, what is -44033 - -5131?
-35602
In base 11, what is 18 + -103a3993?
-103a3976
In base 10, what is 14822 + 29?
14851
In base 16, what is c22 + -492?
790
In base 7, what is 562 + 4046123?
4050015
In base 16, what is 5c4e93 + 4?
5c4e97
In base 11, what is 41 - 2570496?
-2570455
In base 4, what is 1011 + -100322222?
-100321211
In base 3, what is 1020 - 1001100111100210?
-1001100111022120
In base 13, what is -3 + -11153a9?
-11153ac
In base 4, what is 10223331 - 21232?
10202033
In base 14, what is -2411968 - 0?
-2411968
In base 12, what is -131 - 725b3?
-72724
In base 6, what is -1441040543 + -3?
-1441040550
In base 12, what is 2a9831 + -5b?
2a9792
In base 7, what is 11303404 - 1304?
11302100
In base 10, what is -4681 - 82266?
-86947
In base 14, what is 1 - -1ba496d?
1ba4970
In base 2, what is -1111 - 110010010110100111001000?
-110010010110100111010111
In base 15, what is 28222a6 + 5?
28222ab
In base 12, what is 4 - -24084b88?
24084b90
In base 7, what is -2141346 + -4540?
-2146216
In base 4, what is 20322103033 + 10?
20322103103
In base 6, what is 5 - -20054042455?
20054042504
In base 7, what is -1466 - -1621065?
1616266
In base 5, what is 2014322 + -32023?
1432244
In base 11, what is -67 + -4a582?
-4a639
In base 9, what is 18421 + 2100?
21521
In base 11, what is -30 + -387394?
-387414
In base 6, what is 4 + -21154320351?
-21154320343
In base 5, what is 2442411214 - -22?
2442411241
In base 14, what is 187 + 55b6?
575d
In base 8, what is 1 - 13403152?
-13403151
In base 2, what is 1010 - 11100011101101110000?
-11100011101101100110
In base 4, what is -33333 + 23311221?
23211222
In base 16, what is -9d + -198e2?
-1997f
In base 5, what is -442144 - 20?
-442214
In base 4, what is -120201202 - 312?
-120202120
In base 7, what is -2505341 + 1004?
-2504334
In base 4, what is 23 + -13300333113?
-13300333030
In base 14, what is -16b - 199a9?
-19b36
In base 9, what is 20 + 22364857?
22364877
In base 4, what is -100 + 11123012112?
11123012012
In base 12, what is -3b9 - 3a3a5?
-3a7a2
In base 7, what is -31645416 - -20?
-31645366
In base 10, what is 59 - 35935?
-35876
In base 14, what is 30 - 1b54?
-1b24
In base 12, what is -6580665 + 1?
-6580664
In base 14, what is 1 + -349235b?
-349235a
In base 7, what is 66 + -34410322?
-34410223
In base 9, w